{"id":261,"date":"2024-03-04T07:48:54","date_gmt":"2024-03-04T06:48:54","guid":{"rendered":"https:\/\/www.rgimagesettextes.art\/?page_id=261"},"modified":"2025-11-19T14:59:17","modified_gmt":"2025-11-19T13:59:17","slug":"disparaitre","status":"publish","type":"page","link":"https:\/\/www.rgimagesettextes.art\/?page_id=261","title":{"rendered":"Disparaitre"},"content":{"rendered":"\n<div class=\"wp-block-group has-contrast-dark-color has-text-color has-background has-link-color has-alegreya-font-family has-superbfont-tiny-font-size wp-elements-d915ee889364780cd6de278878e1f839 has-global-padding is-layout-constrained wp-container-core-group-is-layout-0feb1511 wp-block-group-is-layout-constrained\" style=\"background:radial-gradient(rgb(203,196,196) 0%,rgb(224,205,205) 31%,rgb(210,199,199) 69%,rgb(169,184,195) 100%);min-height:0px;padding-top:0;padding-right:var(--wp--preset--spacing--superbspacing-small);padding-bottom:0;padding-left:var(--wp--preset--spacing--superbspacing-small);font-style:normal;font-weight:400;line-height:2\">\n<div>\n<div>\n<div>\n<p>\u00a0<\/p>\n<p><span style=\"font-size: 14pt;\">Un peu de soleil dans un ciel de tra\u00eene, quelques rafales de vent presque froid \u2026<\/span><\/p>\n<p><span style=\"font-size: 14pt;\">Le temps \u00e9tait parfaitement banal le jour ou le monde a commenc\u00e9 \u00e0 dispara\u00eetre autour de moi \u00e0 moins que ce ne soit l\u2019inverse .<\/span><\/p>\n<p><span style=\"font-size: 14pt;\">A vrai dire, le jour m\u00eame je n\u2019ai rien remarqu\u00e9 de particulier. C\u2019est plusieurs jours plus tard, plus pr\u00e9cis\u00e9ment au travail qu\u2019en y repensant , j\u2019ai compris.<\/span><\/p>\n<p><span style=\"font-size: 14pt;\">Je me suis rappel\u00e9, au moment de passer \u00e0 la caisse dans l\u2019Intermarch\u00e9 o\u00f9 je faisais quelques courses, avoir choisi la caissi\u00e8re qui m\u2019apparaissait comme la plus triste, presque d\u00e9sesp\u00e9r\u00e9e.<\/span><\/p>\n<p><span style=\"font-size: 14pt;\">Pourquoi\u00a0? Je ne sais pas vraiment, ou plut\u00f4t si\u00a0; une sorte de recherche d\u2019ad\u00e9quation entre la t\u00eate de la personne et l\u2019int\u00e9r\u00eat que peut apporter \u00e0 un \u00eatre humain l\u2019acte de passer des produits en caisse pour un salaire de mis\u00e8re.<\/span><\/p>\n<p><span style=\"font-size: 14pt;\">Peut-\u00eatre aussi en me disant que je pouvais par quelques remarques d\u2019autod\u00e9rision ou simplement un peu d\u2019amabilit\u00e9 ou d\u2019humour, amener un sourire sur ce visage fatigu\u00e9 en r\u00e9v\u00e9lant alors la beaut\u00e9 endormie par le quotidien.<\/span><\/p>\n<p><span style=\"font-size: 14pt;\">J\u2019avais beaucoup de produits et pas assez de bras.<\/span><\/p>\n<p><span style=\"font-size: 14pt;\">Je transvasais maladroitement le tout sur le tapis, donnant le sac que j\u2019avais pris en plus de mon panier \u00e0 roulette pas assez grand, montrait l\u2019honn\u00eate vide de ce dernier, tout \u00e7a en m\u2019excusant de cette maladresse presque feinte et concluait par un\u00a0:\u00a0\u00ab\u00a0Voil\u00e0\u00a0! Et puis bonjour aussi par-ce-que, quand m\u00eame\u00a0!\u00a0\u00bb accompagn\u00e9 de mon plus beau sourire de gentillesse.<\/span><\/p>\n<p><span style=\"font-size: 14pt;\">Son visage s\u2019\u00e9claira instantan\u00e9ment les bords de la bouche se relev\u00e8rent comme d\u2019un long sommeil, le lumi\u00e8re revint dans ces yeux\u2026 Elle \u00e9tait belle et vivante\u00a0!<\/span><\/p>\n<p><span style=\"font-size: 14pt;\">Les secondes suivantes furent occup\u00e9es pleinement par nos activit\u00e9s rapides pour elle, f\u00e9briles pour moi. Elle toute \u00e0 son office, moi remplissant le plus vite possible panier et sac dans un ordre se voulant d\u2019une logique absolue.<\/span><\/p>\n<p><span style=\"font-size: 14pt;\">Elle m\u2019annon\u00e7a son verdict\u00a0: \u00ab\u00a074 euros 85\u00a0s\u2019il vous plait\u00a0!\u00bb je r\u00e9pondis pour ma d\u00e9fense\u00a0:\u00a0\u00ab\u00a0par carte\u00a0!\u00a0\u00bb.<\/span><\/p>\n<p><span style=\"font-size: 14pt;\">Dans une derni\u00e8re tentative de prolonger voire d\u2019amplifier encore cette lueur, ce sourire, je jouais ma derni\u00e8re carte. Apr\u00e8s avoir gliss\u00e9 dans la fente ad\u00e9quate ma carte bancaire je me saisissais de mes lunettes accroch\u00e9es au col de mon pull accompagnant le geste d\u2019un \u00ab\u00a0je vais mettre mes yeux\u00a0!\u00bb soulign\u00e9 par un nouveau sourire de tout le visage histoire de ne pas faire les choses \u00e0 moiti\u00e9.<\/span><\/p>\n<p><span style=\"font-size: 14pt;\">Imm\u00e9diatement, la r\u00e9ponse vint, fulgurante\u00a0: \u00ab\u00a0ah, oui\u00a0! C\u2019est plus pratique\u00a0\u00bb<\/span><\/p>\n<p><span style=\"font-size: 14pt;\">Je ne pu m\u2019emp\u00eacher alors d\u2019en rajouter au risque de devenir pesant. Une fois les lunettes en place je regardais autour de moi l\u2019air faussement surpris de d\u00e9couvrir o\u00f9 j\u2019\u00e9tais et les personnes qui nous entouraient. Comme si jusqu\u2019alors nous \u00e9tions seuls, moi, mes courses, et elle.<\/span><\/p>\n<p><span style=\"font-size: 14pt;\">Je m\u2019exclamais alors \u00ab\u00a0Ah oui\u00a0! Effectivement\u00a0!\u00a0\u00bb<\/span><\/p>\n<p><span style=\"font-size: 14pt;\">Tout en tapant mon code, chose que je fais sans lunettes habituellement, je relevais la t\u00eate et avec un sourire que je sentis un peu triste lui lan\u00e7ait\u00a0: \u00ab\u00a0parfois c\u2019est bien aussi de les enlever pour voir un peu moins\u00a0 le monde!\u00a0\u00bb<\/span><\/p>\n<p><span style=\"font-size: 14pt;\">C\u2019\u00e9tait gagn\u00e9\u00a0! Le m\u00eame sourire en miroir, la lueur dans les yeux avec une nuance de tristesse racontant le regard fatigu\u00e9 sur les vicissitudes du monde, et un \u00ab\u00a0bonne soir\u00e9e\u00a0!\u00a0\u00bb qui sonne comme un \u00ab\u00a0\u00e0 bient\u00f4t\u00a0!\u00a0\u00bb.<\/span><\/p>\n<p><span style=\"font-size: 14pt;\">Je r\u00e9pondis sur la m\u00eame note et partis avec mon panier mon sac mon sourire, sans oser me retourner.<\/span><\/p>\n<p><span style=\"font-size: 14pt;\">C\u2019est l\u00e0 que j\u2019aurais d\u00fb remarquer quelque chose. Tout occuper \u00e0 mon exp\u00e9rience \u00e9motionnelle avec la caissi\u00e8re je n\u2019avais pas remarqu\u00e9 que pendant ce temps-l\u00e0 l\u2019ensemble des autres personnes du magasin semblaient diffuses, floues, un peu fantomatiques.<\/span><\/p>\n<p><span style=\"font-size: 14pt;\">Pendant mes errances dans les rayons pr\u00e9c\u00e9demment je les avais bien vu, crois\u00e9. J\u2019avais m\u00eame grogn\u00e9 sur ceux qui occupaient le milieu des all\u00e9es ou ne prenaient pas de pr\u00e9cautions dans l\u2019abord des trav\u00e9es. Mais l\u00e0 en y repensant effectivement, d\u00e8s mon choix de la caissi\u00e8re le reste de l\u2019environnement, architectural et humains s\u2019\u00e9tait un peu dilu\u00e9s dans la brume.<\/span><\/p>\n<p><span style=\"font-size: 14pt;\">J\u2019avais sans doute sur le coup automatiquement expliqu\u00e9 cela par l\u2019intensit\u00e9 de mon int\u00e9r\u00eat sur cet \u00e9change un peu particulier mais avec le recul je sentais qu\u2019il y avait autre chose.<\/span><\/p>\n<p><span style=\"font-size: 14pt;\">Quelques jours plus tard, au travail, ce qui m\u2019amena \u00e0 me rem\u00e9morer cet \u00e9v\u00e9nement fut plus significatif. J\u2019\u00e9tais comme d\u2019habitude attel\u00e9 \u00e0 ma t\u00e2che sur mon ordinateur d\u00e9rang\u00e9 r\u00e9guli\u00e8rement par le t\u00e9l\u00e9phone et la porte du bureau largement ouverte sur le couloir dans un signe de disponibilit\u00e9 aux autres que j\u2019affectionne.<\/span><\/p>\n<p><span style=\"font-size: 14pt;\">C\u2019est justement de ce couloir que surgit le doute\u00a0!<\/span><\/p>\n<p><span style=\"font-size: 14pt;\">Comme chaque jour les coll\u00e8gues ayant leur bureau au m\u00eame \u00e9tage commenc\u00e8rent \u00e0 arriver les uns apr\u00e8s les autres et contrairement \u00e0 d\u2019habitude aucun ne me salua en passant devant ma porte pourtant ouverte.<\/span><\/p>\n<p><span style=\"font-size: 14pt;\">Au d\u00e9but je ne fis pas attention concentr\u00e9 sur ma tache , mais au troisi\u00e8me passage pris d\u2019un doute je me levais pour aller voir au fond du couloir une de mes coll\u00e8gues qui ne manquait pas d\u2019habitude de me saluer voire m\u00eame d\u2019\u00e9changer quelques consid\u00e9rations subtiles sur la temp\u00e9rature, l\u2019air du temps, la d\u00e9composition acc\u00e9l\u00e9r\u00e9e de notre soci\u00e9t\u00e9.<\/span><\/p>\n<p><span style=\"font-size: 14pt;\">Elle \u00e9tait bien \u00e0 son poste, concentr\u00e9e sur sa machine et mon entr\u00e9e accompagn\u00e9e d\u2019un \u00ab\u00a0alors on dit plus bonjour\u00a0?\u00a0\u00bb sonore, son visage s\u2019\u00e9clairant d\u2019un sourie teint\u00e9 d\u2019\u00e9tonnement se releva imm\u00e9diatement.<\/span><\/p>\n<p><span style=\"font-size: 14pt;\">\u00ab\u00a0Alors t\u2019es l\u00e0, quand j\u2019ai vu ta porte ouverte sans te voir j\u2019ai cru que c\u2019\u00e9tait le service d\u2019entretien qui avait laiss\u00e9 la porte ouverte\u00a0!\u00a0\u00bb<\/span><\/p>\n<p><span style=\"font-size: 14pt;\">Je lui r\u00e9torquais du tac au tac que je n\u2019avais pas boug\u00e9 de mon poste depuis huit heures ce matin ce qu\u2019elle ne comprit pas me r\u00e9affirmant ne pas m\u2019avoir vu en passant dans le couloir.<\/span><\/p>\n<p><span style=\"font-size: 14pt;\">Devant cette impasse je passais \u00e0 autre chose le programme de la journ\u00e9e \u00e9tant comme d\u2019habitude plut\u00f4t charg\u00e9.<\/span><\/p>\n<p><span style=\"font-size: 14pt;\">Mais en repartant pour retourner dans mon bureau je passais cette fois en silence dans le couloir, m\u2019arr\u00eatant successivement devant les portes ouvertes ou les parties vitr\u00e9es des bureaux de trois autres coll\u00e8gues je constatais que bien qu\u2019\u00e9tant ostensiblement dans leur champ de vision, ils ne faisaient pas mine de me voir. Devant le dernier j\u2019essayais un \u00ab\u00a0bonjour\u00a0!\u00a0\u00bb qui provoqua un imm\u00e9diat changement dans le regard comme si je venais d\u2019appara\u00eetre \u00e0 lui en cet instant pr\u00e9cis. Apr\u00e8s un \u00e9change d\u2019une affligeant banalit\u00e9 je poursuivais mon chemin .<\/span><\/p>\n<p><span style=\"font-size: 14pt;\">\u00e0 cet instant me revint la sc\u00e8ne du supermarch\u00e9 puis je me remis au travail m\u2019isolant cette fois volontairement \u00e0 la fois de ces pens\u00e9es perturbantes et de l\u2019environnement proche.<\/span><\/p>\n<p><span style=\"font-size: 14pt;\">Le reste de la journ\u00e9e passa, je ne vis pas mes coll\u00e8gues ni me saluer en partant ni m\u00eame partir et oubliant l\u2019heure tout \u00e0 mon office je travaillais sans rel\u00e2che jusqu\u2019\u00e0 huit heures un quart.<\/span><\/p>\n<p><span style=\"font-size: 14pt;\">Sortant d\u2019un coup de cette torpeur laborieuse je pris conscience de l\u2019heure tardive et de l\u2019absence d\u2019autres sons que celui de mon ordinateur et de mes doigts sur le clavier.<\/span><\/p>\n<p><span style=\"font-size: 14pt;\">J\u2019\u00e9tais sans doute le dernier dans les locaux et ce serait donc \u00e0 moi de faire le dernier tour et mettre l\u2019alarme. Vingt bonnes minutes de plus avant de pouvoir enfin partir vraiment.<\/span><\/p>\n<p><span style=\"font-size: 14pt;\">Extinction de l\u2019ordinateur, l\u2019\u00e9cran. La veste , le sac, la lumi\u00e8re, les clefs. Je fermais la porte du couloir me dirigeais vers le fond du b\u00e2timent . Apr\u00e8s le tour de contr\u00f4le j\u2019arrivais enfin au rez-de-chauss\u00e9e vers le bo\u00eetier d\u2019alarme apr\u00e8s avoir pris soin d\u2019ouvrir la porte sur l\u00a0\u2018ext\u00e9rieur. Je prends toujours cette pr\u00e9caution car m\u00eame si apr\u00e8s la mise sous alarme il reste une bonne minute pour sortir sans probl\u00e8me, le bip bip stressant de la mise sous tension du syst\u00e8me me donne syst\u00e9matiquement l\u2019envie irr\u00e9sistible de m\u2019enfuir en courant.<\/span><\/p>\n<p><span style=\"font-size: 14pt;\">J\u2019allais pour taper mon code lorsque je constatais que l\u2019alarme \u00e9tait d\u00e9j\u00e0 en tension dans tout le b\u00e2timent. Sur le coup par r\u00e9flexe je sortais pr\u00e9cipitamment en refermant la porte, puis l\u00e0 devant le b\u00e2timent, presque essouffl\u00e9 apr\u00e8s ce d\u00e9placement certes rapide mais tr\u00e8s court dans l\u2019espace, je pris conscience de toute l\u2019absurdit\u00e9 des faits.<\/span><\/p>\n<p><span style=\"font-size: 14pt;\">Comment si l\u2019alarme \u00e9tait mise avais-je pu arpenter l\u2019ensemble des locaux sans rien d\u00e9clencher\u00a0? \u00c9tait-ce un dysfonctionnement? Si c\u2019\u00e9tait le cas pourquoi n\u2019\u00e9tais-je pas au courant\u00a0?<\/span><\/p>\n<p><span style=\"font-size: 14pt;\">J\u2019eus un instant envie d\u2019entrer \u00e0 nouveau pour en avoir le c\u0153ur net ou bien appeler le service de surveillance pour poser la question. Trop troubl\u00e9 sans doute et consid\u00e9rant l\u2019heure tardive je d\u00e9cidai d\u2019attendre le lendemain et de rentrer chez moi.<\/span><\/p>\n<p><span style=\"font-size: 14pt;\">Parking, voiture, route\u2026<\/span><\/p>\n<p><span style=\"font-size: 14pt;\">Plus troubl\u00e9 que je ne le pensais ou trop absorb\u00e9 pour me concentrer vraiment sur la conduite je me trompai plusieurs fois sur un trajet suivi pourtant quotidiennement depuis plus de vingt ans. Je ne reconnaissais plus tout \u00e0 fait les rues, certains commerces semblaient avoir disparu, des b\u00e2timents manquaient \u00e0 certains carrefours.<\/span><\/p>\n<p><span style=\"font-size: 14pt;\">Au bout de ce qui me sembla une \u00e9ternit\u00e9 j\u2019arrivais enfin \u00e0 demeure, du moins c\u2019est ce que j\u2019ai cru.<\/span><\/p>\n<p><span style=\"font-size: 14pt;\">La bonne rue, le bon num\u00e9ro, l\u2019entr\u00e9e \u2026 Oui c\u2019est bien cela.<\/span><\/p>\n<p><span style=\"font-size: 14pt;\">Je prends l\u2019escalier, je monte.<\/span><\/p>\n<p><span style=\"font-size: 14pt;\">Les noms familiers sur les portes des paliers du 1er, du second , j\u2019arrive enfin.<\/span><\/p>\n<p><span style=\"font-size: 14pt;\">Ce n\u2019est pas ma porte\u00a0!<\/span><\/p>\n<p><span style=\"font-size: 14pt;\">Cette porte n\u2019est pas ma porte.<\/span><\/p>\n<p><span style=\"font-size: 14pt;\">Pas de plaque dessus, une couleur improbable et en tout cas inconnu, le paillasson ridicule annon\u00e7ant\u00ab\u00a0Bienvenu\u00a0\u00bb\u00a0!, la serrure blind\u00e9e du bourgeois craintif \u2026 Ce n\u2019est pas chez moi\u00a0!<\/span><\/p>\n<p><span style=\"font-size: 14pt;\">Je reste un moment comme groggy apr\u00e8s un choc physique.<\/span><\/p>\n<p><span style=\"font-size: 14pt;\">Je monte au-dessus, c\u2019est bien le voisin du dessus, je descends en dessous c\u2019est bien le voisin du dessous.<\/span><\/p>\n<p><span style=\"font-size: 14pt;\">Je m\u2019arr\u00eate, je n\u2019ose pas retourner devant cette porte \u00e9trang\u00e8re, incongrue \u00e0 cet endroit si familier.<\/span><\/p>\n<p><span style=\"font-size: 14pt;\">C\u2019est \u00e9vident je devrais sonner pour en finir et savoir\u00a0!<\/span><\/p>\n<p><span style=\"font-size: 14pt;\">Mais savoir quoi\u00a0? Que le lieu o\u00f9 je pense avoir v\u00e9cu depuis plus de vingt ans n\u2019existe pas, ou plus\u00a0?<\/span><\/p>\n<p><span style=\"font-size: 14pt;\">Je redescends jusqu\u2019\u00e0 l\u2019entr\u00e9e, cherche ma bo\u00eete aux lettres.<\/span><\/p>\n<p><span style=\"font-size: 14pt;\">\u00c9videmment celle qui est cens\u00e9e \u00eatre la mienne est la seule qui n\u2019a pas de nom\u00a0!<\/span><\/p>\n<p><span style=\"font-size: 14pt;\">Est-ce un complot\u00a0? Un gag\u00a0?<\/span><\/p>\n<p><span style=\"font-size: 14pt;\">Je ressors \u00e0 l\u2019ext\u00e9rieur.<\/span><\/p>\n<p><span style=\"font-size: 14pt;\">Je traverse me retourne afin d\u2019observer \u00ab\u00a0mes\u00a0\u00bb fen\u00eatres.<\/span><\/p>\n<p><span style=\"font-size: 14pt;\">Il y a de la lumi\u00e8re.<\/span><\/p>\n<p><span style=\"font-size: 14pt;\">Au bout d\u2019instant il me semble m\u00eame voir \u00e0 travers les rideaux une forme humaine se d\u00e9placer dans le salon.<\/span><\/p>\n<p><span style=\"font-size: 14pt;\">Je traverse \u00e0 nouveau, rentre , reprends l\u2019escalier. Je monte et sens monter en moi une col\u00e8re qui risque de me d\u00e9border.<\/span><\/p>\n<p><span style=\"font-size: 14pt;\">J\u2019arrive, je sonne puis presque sans attendre je frappe s\u00e8chement\u00a0!<\/span><\/p>\n<p><span style=\"font-size: 14pt;\">J\u2019entends bouger \u00e0 l\u2019int\u00e9rieur, la porte s\u2019ouvre\u2026<\/span><\/p>\n<p><span style=\"font-size: 14pt;\">Rien d\u2019int\u00e9ressant \u00e0 la t\u00e9l\u00e9vision, la temp\u00e9rature un peu fra\u00eeche de cette p\u00e9riode ou le chauffage collectif n\u2019est pas encore en marche alors que l\u2019automne est d\u00e9j\u00e0 bien install\u00e9\u2026<\/span><\/p>\n<p><span style=\"font-size: 14pt;\">La soir\u00e9e s\u2019annon\u00e7ait parfaitement banale le jour o\u00f9 je n\u2019ai trouv\u00e9 personne \u00e0 ma porte sur laquelle pourtant on venait de frapper\u00a0d\u2019une mani\u00e8re plus qu\u2019insistante!<\/span><\/p>\n<\/div>\n<\/div>\n<p style=\"text-align: right;\"><span style=\"font-size: 14pt;\">Fin<\/span><\/p>\n<p>\u00a0<\/p>\n<\/div>\n<\/div>\n","protected":false},"excerpt":{"rendered":"<p>\u00a0 Un peu de soleil dans un ciel de tra\u00eene, quelques rafales de vent presque froid \u2026 Le temps \u00e9tait parfaitement banal le jour ou le monde a commenc\u00e9 \u00e0 dispara\u00eetre autour de moi \u00e0 moins que ce ne soit l\u2019inverse . A vrai dire, le jour m\u00eame je n\u2019ai rien remarqu\u00e9 de particulier. C\u2019est [&hellip;]<\/p>\n","protected":false},"author":1,"featured_media":0,"parent":0,"menu_order":0,"comment_status":"closed","ping_status":"closed","template":"","meta":{"footnotes":""},"class_list":["post-261","page","type-page","status-publish","hentry"],"_links":{"self":[{"href":"https:\/\/www.rgimagesettextes.art\/index.php?rest_route=\/wp\/v2\/pages\/261","targetHints":{"allow":["GET"]}}],"collection":[{"href":"https:\/\/www.rgimagesettextes.art\/index.php?rest_route=\/wp\/v2\/pages"}],"about":[{"href":"https:\/\/www.rgimagesettextes.art\/index.php?rest_route=\/wp\/v2\/types\/page"}],"author":[{"embeddable":true,"href":"https:\/\/www.rgimagesettextes.art\/index.php?rest_route=\/wp\/v2\/users\/1"}],"replies":[{"embeddable":true,"href":"https:\/\/www.rgimagesettextes.art\/index.php?rest_route=%2Fwp%2Fv2%2Fcomments&post=261"}],"version-history":[{"count":10,"href":"https:\/\/www.rgimagesettextes.art\/index.php?rest_route=\/wp\/v2\/pages\/261\/revisions"}],"predecessor-version":[{"id":868,"href":"https:\/\/www.rgimagesettextes.art\/index.php?rest_route=\/wp\/v2\/pages\/261\/revisions\/868"}],"wp:attachment":[{"href":"https:\/\/www.rgimagesettextes.art\/index.php?rest_route=%2Fwp%2Fv2%2Fmedia&parent=261"}],"curies":[{"name":"wp","href":"https:\/\/api.w.org\/{rel}","templated":true}]}}